What is the hundreds digit of h(-9)?
2
Suppose 12 = 3*w + 6. Suppose 9 + 2 = -2*c + 5*t, -5*t = w*c + 1. What is the units digit of 83 + c + (-7 - -4)?
7
Suppose 28 + 12 = 20*j. What is the hundreds digit of 10 + -6 - -266*2/j?
2
Let l be (-75)/18 - (-3)/18 - -9. Suppose 4*u + 0*y = -y + 2840, -729 = -u - l*y. What is the hundreds digit of u?
7
Let p(x) = -2*x**3 + 3*x**2 - x + 7. Suppose 3*d + 5*i = 42 - 2, -5*i + 35 = 2*d. Let a be p(d). Let t = a + 243. What is the units digit of t?
0
Suppose 130*r = -144*r + 257639 + 1545829. What is the units digit of r?
2
Let p be (4 + (-92)/16)/(4/16). Let d(z) = 14*z**2 - 4*z + 15. What is the tens digit of d(p)?
2
Let z be -5*28/35*1/(-2). Suppose -k = -2*j + 209, j - 3*k + 108 = z*j. What is the hundreds digit of j?
1
Suppose 5 = 5*h, -3*i + 10*h - 9*h + 27086 = 0. What is the tens digit of i?
2
Suppose 4*s + 12 - 24 = 0. Suppose 469 = s*i - 398. What is the hundreds digit of i?
2
Let o be (-9)/(-27) - (-4)/6. Let t(h) = 831*h**3 - 6*h**2 + 9*h - 3. What is the tens digit of t(o)?
3
Let i = 29964 + -20562. What is the thousands digit of i?
9
Let v(n) = 407*n - 534. What is the units digit of v(12)?
0
Suppose 0 = w - 4*u - 23, 11 = -5*w + 2*w - 4*u. Let d(a) = -a**3 + 3*a**2 + 4*a - 2. Let c be d(w). Suppose 3*f + 238 = c*f. What is the tens digit of f?
3
Let z be (-24)/9*-3 - 3. Suppose -4*v - z*s - 11 = -7*v, 4*s = -5*v + 6. What is the units digit of 9/(1 + v) - -46?
9
Let i be (-20)/(-15)*(-9)/(-6). Let l be -3 - (i*-10)/(-4). What is the tens digit of (-4)/l*346 + (-6)/(-2)?
7
What is the hundreds digit of (135390/25 - 26)*(-5)/(-2)?
4
Suppose 25*q - 22*q - 72 = 0. Let f = 27 - q. Suppose -f*u + 349 = h + 53, h = -4*u + 396. What is the units digit of u?
0
Suppose -5*o + 2*a = -5881, -5930 = -394*o + 389*o - 5*a. What is the tens digit of o?
7
Let w be (-12 + 3)/(6/(-4)). Suppose 5*i + w = -14. Let n(c) = -12*c - 9. What is the units digit of n(i)?
9
Suppose 0 = -238*k + 217*k + 168. Let i be (-2)/11 + 105/33. Suppose 2*v + 0*y - 348 = -i*y, -4*y = k. What is the tens digit of v?
7
Suppose -353*l - 386*l = -656*l - 675537. What is the units digit of l?
9
What is the tens digit of 57543/5 + (-134)/(-335)?
0
Let w(n) = 304*n**2 - 11*n - 15. Let m(o) = -o**3 + 16*o**2 - 28*o - 2. Let l be m(14). What is the hundreds digit of w(l)?
2
Suppose 4*z - 111 - 74 = -n, -z = n - 50. Let i = 54 - z. Suppose 0 = -3*m + 129 + i. What is the units digit of m?
6
Let k(j) = -j**3 + 18*j**2 - 2*j - 2. Let u(h) = 0*h**3 + 13 - 11 + h**3 + 2*h - 17*h**2. Let q(b) = -4*k(b) - 5*u(b). What is the tens digit of q(12)?
1
Suppose 4*s - 43 = 5*n + 16, -2*s + 67 = 5*n. Suppose 0 = 5*u + 2*p - s, 0 = 4*u + u - p - 27. Suppose 0 = -7*k + u*k + 164. What is the units digit of k?
2
Let j(i) = 0*i - 56 - 13 - i**2 + 2*i**2 + 6*i. What is the hundreds digit of j(20)?
4
Let j = -3387 - -11242. What is the units digit of j?
5
Let x(g) = 995*g**2 + 607*g + 4200. What is the thousands digit of x(-7)?
8
Let c be 1*((-3)/2)/(3/(-6)). Suppose 0 = -a + 2 + c. Suppose 4*i + 2*z - 584 = -2*z, z - 730 = -a*i. What is the units digit of i?
6
What is the thousands digit of (-2009)/70*-128 + (-3)/5?
3
Let k = 115 - 161. Let g = -60 - k. Let p = 38 - g. What is the units digit of p?
2
Let z = 240 + -244. What is the hundreds digit of 198 + (3 - 8/z)?
2
Let k(w) be the first derivative of 5*w**2/2 + 11*w + 1. Let h be k(-6). Let d = h + 59. What is the tens digit of d?
4
Let y = 11 + -3. Suppose -y*h = -3*h + 35. What is the units digit of (-205 + 1)*2/(3 + h)?
2
Let a = 34 - 25. Let j be 104/18 - (-2)/a. What is the tens digit of (-34)/(-51) - (-650)/j?
0
Let k be (14 + -15)/(1*(-1)/8). Suppose -4*p - 964 = -k*p + 3*w, 5*p - 2*w - 1205 = 0. What is the tens digit of p?
4
Let x(c) = 10*c**2 - 73*c + 332. What is the ten thousands digit of x(-45)?
2
Let m(p) = -p**2 - 17*p + 6. Let l be m(-19). Let n = 375 + l. What is the units digit of n?
3
Let g(a) = -1 - 3*a + 4*a - 1 + 9. Let l be g(-7). Suppose o - 2*b = 148, -3*o = -l*b - b - 439. What is the hundreds digit of o?
1
Let u(n) = 527*n + 7665. What is the tens digit of u(0)?
6
Suppose -10*t + 73322 + 9897 + 171821 = 0. What is the units digit of t?
4
Let q = -125 - -129. Let j be q - (6/14 - (-60)/(-42)). Suppose 0*x = -j*x + 470. What is the tens digit of x?
9
Let t(x) = -5*x - 9. Let o(l) = 3*l + 4. Let r(h) = -7*o(h) - 3*t(h). Let j be r(-1). Suppose j*s = -3*y + 184, y = 3*s + 50 + 2. What is the units digit of y?
8
Let r(j) = -139*j**2 + 14*j - 432. Let m(d) = -28*d**2 + 3*d - 86. Let n(b) = -11*m(b) + 2*r(b). What is the hundreds digit of n(6)?
1
What is the hundreds digit of 4835 - (-11)/(-4 - -5)?
8
Let k(m) = 2*m + 2. Let y be k(2). Let r(n) = 2*n**3 + 3*n**2 - 7*n - 10. Let s be r(y). Suppose -5*q - j + s = -q, 12 = 3*j. What is the hundreds digit of q?
1
Let d(m) = -111*m - 54. Let p(s) = -s**2 + 9*s + 17. Let o be p(11). What is the tens digit of d(o)?
0
Let i be (4/3)/((-2)/(-81)). Suppose -5*q + i = q. Suppose -53 - q = -p. What is the units digit of p?
2
Suppose -25 = -5*x + 13*d - 11*d, 2*d = -4*x + 2. Let p = -407 - -637. Suppose 3*f + p = 5*n, -x*n - n - 2*f = -184. What is the tens digit of n?
4
Let k be -2 - (-14 + 6)/1. Suppose k*w - 122 = 58. What is the tens digit of w?
3
Suppose j - 38654 = -48*p + 51*p, -3*j - 4*p + 116066 = 0. What is the thousands digit of j?
8
Let q(l) = 2*l**2 - 21*l + 10. Let g be q(9). Let s(u) = u**2 - u + 36. What is the units digit of s(g)?
2
Suppose 2*f + 145 = z, z + 3*f = -4*z + 699. Let d = 273 - z. What is the units digit of d/2 - (0 - (-1 - -1))?
6
Let t(c) = 6*c**2 + 15*c + 442. What is the tens digit of t(-25)?
1
Let o(z) = 2*z**3 - 17*z**2 - 6*z + 26. Let t(d) = -d**3 - 6*d**2 + 28*d + 20. Let r be t(-9). What is the tens digit of o(r)?
6
Let n be (-6)/9 - 492/(-9). Suppose 60720 = n*m - 6*m. What is the hundreds digit of m?
2
Suppose l + 5436 = 10*l. Let b = l - 57. What is the hundreds digit of b?
5
Let h(f) = -104*f + 4. Let t be h(-1). Suppose 38 = 10*d + t. What is the tens digit of 1 + 3 + d - -87?
8
What is the ten thousands digit of (-10 + 11)/((-8)/1139648*-8)?
1
What is the ten thousands digit of (-67188)/(-9)*(-4 - 2)*1/(-4)?
1
Let j(a) = 42*a - 77. Let n be (2/4 - 1)*-14. What is the hundreds digit of j(n)?
2
Let a be 2/10 - 132/(-480)*-8. Let f(k) = -519*k + 26. What is the units digit of f(a)?
4
Let l(c) = -c**3 + 2*c**2 - 8*c + 1. Suppose -2*d - 6 = 2. Let u be l(d). Let j = u - 58. What is the tens digit of j?
7
Let r = 3464 + -2393. What is the thousands digit of r?
1
Let b(p) = 68*p - 13. Let j(k) = 69*k - 14. Let w(c) = -6*b(c) + 5*j(c). What is the hundreds digit of w(-3)?
1
Suppose 11*j - 24 = 5*j. Suppose -2*z + 0*z + j*d = -6, -3*z + 25 = 2*d. Suppose -1841 - 63 = -z*u. What is the units digit of u?
2
Let j(x) = x**3 + 45*x**2 - 28*x + 12. Let b be j(-46). Let q = b + 1539. What is the units digit of q?
3
Let d(p) = -3*p - p**2 + 13*p**2 - 8*p**2 + 9 + 15*p. Let x be d(-4). Suppose -5*b = -x, -a - a + b + 443 = 0. What is the hundreds digit of a?
2
Suppose 0 = -7*y + 8*y - 4. Let u be -3*-1*3*y/12. Suppose -2*r - 3*z - 2*z = -158, u*z = -5*r + 376. What is the tens digit of r?
7
Let x(s) = -209*s + 307. What is the thousands digit of x(-5)?
1
Suppose 0 = l + b - 300, 0 = 5*l - 0*b - 2*b - 1514. Let r = 549 - l. Suppose 4*z + 3*x - r = 0, -3*z - z + 4*x + 212 = 0. What is the tens digit of z?
5
Let l(z) = -30*z**2 + 74*z + 7. Let r be l(-5). Let h = -297 - r. What is the tens digit of h?
1
Let x(r) = -14*r**2 - 4*r - 3. Let o be x(-1). Let k(w) = -7*w - 12. Let i be k(o). Let b = i + -51. What is the tens digit of b?
2
Suppose -5*w - 2*w + 61755 = v, 0 = -4*v - 3*w + 247145. What is the thousands digit of v?
1
Suppose t = -6*t + 57337 - 17878. What is the thousands digit of t?
5
Let q = 1340 + -951. Suppose 41*c - q = 36*c - 4*o, 2*o + 8 = 0. What is the tens digit of c?
8
Let t = 4608 + 17217. What is the hundreds digit of t?
8
Suppose 0 = -12*r + 13660 + 21584. Suppose 3*h + 0*h - 3*l = r, 2*h - 1943 = 5*l. What is the units digit of h?
4
Let n(q) be the first derivative of 11*q**2/2 + 5*q + 1. Suppose -210 = 11*l - 41*l. What is the tens digit of n(l)?
8
Let c(a) = 9*a - 34. Let n be c(6). What is the hun